{"id":7638,"date":"2026-08-27T16:18:38","date_gmt":"2026-08-27T16:18:38","guid":{"rendered":"https:\/\/www.polymer.es\/?post_type=concierto&#038;p=7638"},"modified":"2026-08-27T16:24:04","modified_gmt":"2026-08-27T16:24:04","slug":"tributo-a-hroes-del-silencio-iberia-sumergida-2","status":"publish","type":"concierto","link":"https:\/\/www.polymer.es\/ca\/concierto\/tributo-a-hroes-del-silencio-iberia-sumergida-2\/","title":{"rendered":"Tribut a H\u00e9roes del Silencio \u00abIBERIA SUMERGIDA\u00bb"},"content":{"rendered":"\n<p class=\"wp-block-paragraph\">El mes d&#8217;octubre no seria el mateix per als fans de<strong>\u00a0H\u00e9roes del Silencio<\/strong>\u00a0sense una nova visita de\u00a0<strong>Iberia Sumergida<\/strong>, per tant un any m\u00e9s tornen a\u00a0<strong>Luz de Gas<\/strong>, la seva sala fetitxe a Barcelona.<\/p>\n\n\n\n<p class=\"wp-block-paragraph\">Formats l&#8217;any 2007 per <strong>Javier De Pedro<\/strong>, que segueix dirigint la neix despr\u00e9s del seu micro, a l&#8217;empara de les m\u00edtiques actuacions de reuni\u00f3 que va fer la banda aquell any, Iberia Sumergida s&#8217;ha consolidat com la formaci\u00f3 tribut m\u00e9s important que hi ha ara mateix d&#8217;Herois del Silenci.<\/p>\n\n\n\n<p class=\"wp-block-paragraph\"><strong>Iberia Sumergida <\/strong>qui recrear les m\u00edtiques can\u00e7ons del quartet de la manera m\u00e9s fidel possible, perqu\u00e8 els seguidors de la banda puguin identificar-se al moment s\u00f3n el so tan especial d&#8217;<strong>H\u00e9roes del Silencio<\/strong>. Amb una cuidada i treballada posada en escena i un repertori fet per i per a fans, no hi ha millor experi\u00e8ncia Herois del Silenci que la que ofereixen Iberia Sumergida.<\/p>\n\n\n\n<p class=\"wp-block-paragraph\">Una bona manera d&#8217;explicar aquesta bogeria \u00e9s imaginar-se les guitarres de Valdivia sobre les atmosferes de Pink Floyd o The Cure sense perdre el power i l&#8217;energia que tenen els temes d&#8217;Herois, per\u00f2 amb la foscor i el misteri que les atmosferes i la tecnologia ens poden oferir.<\/p>\n\n\n\n<p class=\"wp-block-paragraph\">A cadascuna de les seves actuacions a\u00a0<strong>Luz de Gas<\/strong>, han esgotat entrades, aquesta vegada no hauria de ser diferent.<\/p>\n","protected":false},"featured_media":7604,"template":"","acf":[],"_links":{"self":[{"href":"https:\/\/www.polymer.es\/ca\/wp-json\/wp\/v2\/concierto\/7638","targetHints":{"allow":["GET"]}}],"collection":[{"href":"https:\/\/www.polymer.es\/ca\/wp-json\/wp\/v2\/concierto"}],"about":[{"href":"https:\/\/www.polymer.es\/ca\/wp-json\/wp\/v2\/types\/concierto"}],"wp:featuredmedia":[{"embeddable":true,"href":"https:\/\/www.polymer.es\/ca\/wp-json\/wp\/v2\/media\/7604"}],"wp:attachment":[{"href":"https:\/\/www.polymer.es\/ca\/wp-json\/wp\/v2\/media?parent=7638"}],"curies":[{"name":"wp","href":"https:\/\/api.w.org\/{rel}","templated":true}]}}

Tribut a Héroes del Silencio «IBERIA SUMERGIDA»

<p class="wp-block-paragraph">El mes d&#8217;octubre no seria el mateix per als fans de<strong> Héroes del Silencio</strong> sense una nova visita de <strong>Iberia Sumergida</strong>, per tant un any més tornen a <strong>Luz de Gas</strong>, la seva sala fetitxe a Barcelona.</p>



<p class="wp-block-paragraph">Formats l&#8217;any 2007 per <strong>Javier De Pedro</strong>, que segueix dirigint la neix després del seu micro, a l&#8217;empara de les mítiques actuacions de reunió que va fer la banda aquell any, Iberia Sumergida s&#8217;ha consolidat com la formació tribut més important que hi ha ara mateix d&#8217;Herois del Silenci.</p>



<p class="wp-block-paragraph"><strong>Iberia Sumergida </strong>qui recrear les mítiques cançons del quartet de la manera més fidel possible, perquè els seguidors de la banda puguin identificar-se al moment són el so tan especial d&#8217;<strong>Héroes del Silencio</strong>. Amb una cuidada i treballada posada en escena i un repertori fet per i per a fans, no hi ha millor experiència Herois del Silenci que la que ofereixen Iberia Sumergida.</p>



<p class="wp-block-paragraph">Una bona manera d&#8217;explicar aquesta bogeria és imaginar-se les guitarres de Valdivia sobre les atmosferes de Pink Floyd o The Cure sense perdre el power i l&#8217;energia que tenen els temes d&#8217;Herois, però amb la foscor i el misteri que les atmosferes i la tecnologia ens poden oferir.</p>



<p class="wp-block-paragraph">A cadascuna de les seves actuacions a <strong>Luz de Gas</strong>, han esgotat entrades, aquesta vegada no hauria de ser diferent.</p>
